4)?
-2
Let b(i) = 6*i**3 + i**2 + 7*i - 13. Let w(k) = 5*k**3 + k**2 + 6*k - 12. Let n(s) = 6*b(s) - 7*w(s). Determine n(0).
6
Let h(c) = c**3 + 7*c**2 - 11*c - 1. Let z(y) = y - 1. Let t(g) = -h(g) - 2*z(g). Let a(f) = f**3 + 5*f**2 - 5*f - 2. Let d be a(-6). What is t(d)?
-5
Suppose 23 = 3*v + 5*y + 9, -4*y = v - 7. Suppose -j + 2*j = v. Let s(d) = -j*d - 7 + 2*d + 0*d. What is s(0)?
-7
Let a(v) = -v + 13. Let m be a(12). Let g(l) = 3*l**3 + 2*l - 1. What is g(m)?
4
Suppose c = -c + 8. Suppose -u + 2*u - c = 0. Let p(y) = -u*y - 1 + 5 - 2*y**2 + 4*y**2. What is p(3)?
10
Suppose 0 = -0*c + c + 7. Let g(f) = -f**3 - 7*f**2 - f - 7. What is g(c)?
0
Let g(n) = -5*n + 1. Suppose 1 = 5*z + 11. Calculate g(z).
11
Let f(x) = 2*x**2 + 7*x + 9 + x**3 + 0*x**2 + 0*x**3 + 5*x**2. Give f(-6).
3
Let d(m) = m**3 - 4*m**2 - 6*m + 4. Let z(t) = -t**2 - 5*t. Let h be z(-5). Suppose h = -2*l + 5*l - 15. Give d(l).
-1
Let s(r) = -r + 1. Let f = 3 - 2. Let x be (-1)/f*12/3. What is s(x)?
5
Let d(v) = -3*v**3 - 12. Let y(p) = 7*p**3 + 23. Let o be (3/(-9))/(2/(-12)). Let j(c) = o*y(c) + 5*d(c). Determine j(0).
-14
Suppose -46 + 11 = -5*g. Let a(b) = 6 + g - 3 - b - 3. Give a(6).
1
Let s(v) = -v**2 - 5*v - 2. Let p = -12 - -8. Calculate s(p).
2
Let i(o) = 6*o + 1. Let b(q) = -q + 1. Let f(j) = 30*b(j) + 6*i(j). Let c(s) = s + 7. Let h(u) = -11*c(u) + 2*f(u). Give h(3).
-2
Let r(m) be the second derivative of m**5/20 - m**4/4 - 2*m**3/3 + 3*m**2/2 + 3*m. Suppose -2*s + 40 = 3*s. Suppose 4*q - s = 4. What is r(q)?
-9
Let m(h) = -h**3 - h + 6. Suppose -5*a + 2*o = 0, -5*o = 2*a - 4*a - 21. Suppose 0 = -5*u - 25, -3*l + 7*l = 2*u + 2. Let z = a + l. Give m(z).
6
Let g(b) = -b + 10. Let h = -9 - -9. What is g(h)?
10
Let y(x) = -x**2 + 2*x + 5. Let w be -4 + (-2)/(-3)*3. Let d be (5/(-2))/(w/4). Give y(d).
-10
Let u(v) be the first derivative of v**4/4 + v**3 + 2*v**2 + 4*v + 1. Determine u(-3).
-8
Let l(n) be the second derivative of -n**4/12 - n**3 - 3*n**2/2 - 8*n. Give l(-8).
-19
Suppose -4*o + 5*v - 2*v = -18, -5*v = -o + 13. Let s(j) = j - 2. Let l(p) = -p - 5. Let y be l(-6). Let h(n) = -n + 1. Let r(b) = y*h(b) - s(b). What is r(o)?
-3
Let u(p) = -6*p + 7*p - 5 + 6. Let o be 6/4*(-6)/9. Determine u(o).
0
Let h(n) = n**2 - 9*n - 7. Let z(c) = -5*c - 21. Let v be z(-6). Calculate h(v).
-7
Suppose -z - l - 2*l + 2 = 0, -4*l = 0. Let f(c) = -3*c**2 - 3*c + 2. Calculate f(z).
-16
Let a(k) = -k**3 + k**2 - k - 7. Let g be (0/(-26))/(0 + 0 - 1). Calculate a(g).
-7
Let n(y) = -1 + 0 + 848*y**2 - 2 + y - 847*y**2. Give n(3).
9
Let n = -11 + 16. Suppose 30 = -0*g + n*g. Let s(k) = k**2 - 7*k + 3. Give s(g).
-3
Let g(w) be the first derivative of -w**4/4 - 2*w**3/3 + w**2/2 + 3*w + 3. Let p(t) = 2*t**3 + 5*t**2 - 2*t - 6. Let q(y) = -7*g(y) - 3*p(y). Give q(0).
-3
Let q(u) = -2*u + 1. Let n be q(-1). Let w(t) = 4*t**2 + t + 7. Let y = 16 - 11. Let a(r) = 5*r**2 + r + 8. Let s(g) = y*a(g) - 6*w(g). What is s(n)?
4
Let h(x) = 4*x**2 - 2 - 2*x**2 - 4 + 9*x**3 + 5. Let i = 2 + -3. What is h(i)?
-8
Suppose -5*p + 17 = -3*r, -4*r - 7 = -4*p + 13. Let c = -1 - p. Let q(g) = -3*g + 2. Calculate q(c).
8
Let g = 1 - 7. Let r(o) = 3*o - 9. Let p(w) = -w + 2. Let u(t) = g*r(t) - 26*p(t). Let y(q) = 15*q + 3. Let a(m) = -11*u(m) + 6*y(m). Determine a(4).
4
Let f(r) = -r + 16*r**2 - 14*r**2 + 4*r**2. Give f(-1).
7
Let m(o) be the first derivative of 0*o + 3/2*o**2 + 1 + 1/6*o**4 - 1/10*o**5 + 1/120*o**6 - 1/6*o**3. Let y(p) be the second derivative of m(p). What is y(5)?
-6
Suppose -b + 30 = 4*b. Let k(n) = -1 + n**2 - 4*n - 7 - n + 0*n. Determine k(b).
-2
Let w(i) be the third derivative of -i**6/360 + i**5/30 - i**4/8 + 2*i**3/3 + 5*i**2. Let c(v) be the first derivative of w(v). Give c(4).
-3
Let v be (-18)/(-4)*20/(-15). Let i(d) be the third derivative of d**2 - 2/3*d**3 + 1/60*d**5 + 0*d + 1/4*d**4 + 0. Calculate i(v).
-4
Let f(i) be the first derivative of 1/2*i**2 - i**3 - 3 - 1/4*i**4 + 2*i. Calculate f(-3).
-1
Let j(x) be the third derivative of x**6/120 + x**5/20 - x**4/24 - x**3/3 + 26*x**2. Calculate j(-3).
1
Suppose -2 = -m + 3. Suppose -4*g - 3 + 7 = 0, m*o + 5*g = 30. Let u(r) = 6*r**2 + 4*r - 5. Let v(s) = s - 1. Let p(d) = o*v(d) - u(d). What is p(-1)?
-7
Let y be ((-2)/6)/(6/18). Let d be 1/(1*y/2). Let c(j) = j**3 + 4*j**2 + 2*j + 1. Determine c(d).
5
Suppose 2*b = 6*b. Let r = -3 - -5. Let k(a) = 3 - 5*a - a**r + 6*a + 2. Give k(b).
5
Let k(x) = -x + 1. Let y = -13 + 14. Let s be (10 - 11)*(y + 0). What is k(s)?
2
Let i(d) = 4*d - 4 - 3*d + 0. Suppose 4*y + 2 - 22 = 0. Let n be i(y). Let h(v) = 5*v**3 - v**2 + v. Give h(n).
5
Let n(a) be the third derivative of a**5/60 - a**4/3 + 3*a**3/2 + 2*a**2. Give n(6).
-3
Let k(y) be the second derivative of y**5/20 + y**4/4 - 2*y**3/3 + 5*y**2/2 - 5*y. Give k(-4).
5
Suppose 0 = 5*c - 6 - 4. Let s(r) = 8*r + r**2 - 4*r**2 - 9 + 10*r**c. Let a(h) = 15*h**2 + 17*h - 19. Let x(w) = 6*a(w) - 13*s(w). Determine x(-3).
0
Let q(t) = -t - 15. Let y be q(0). Let l = -21 - y. Let p(a) = a + 9. Determine p(l).
3
Let f(y) be the second derivative of y**5/20 - 7*y**4/12 + 4*y**3/3 - 9*y**2/2 + 4*y. Let l = 0 + 6. Let w be f(l). Let j(c) = -3*c. What is j(w)?
-9
Let v(y) = 3*y. Suppose -5*g + 3 = -12. Calculate v(g).
9
Suppose 2*y - 5 = -1. Suppose 0 = d + y*d. Let j(t) = -t + 8. What is j(d)?
8
Let v(r) = -r + 1. Suppose 21*w = 23*w - 6. Give v(w).
-2
Let z = 1 - -9. Let b = -10 - -16. Let i = b - z. Let h(v) = v**2 + 7*v + 6. Give h(i).
-6
Let x(j) = j - 2. Let m be x(0). Let a be -1*(4/m + 0). Let b(q) = -2*q**2 + 0*q**2 - 3*q**2 + 4*q**a. Determine b(3).
-9
Let k(m) = -m. Suppose 2*s - 22 = 3*n, -2*n - 13 = s - 2*s. Give k(s).
-5
Let z = 10 - -1. Let j(h) = -9*h**2 - 2*h + 3. Let r(f) = 5*f**2 + f - 2. Let s(d) = z*r(d) + 6*j(d). What is s(3)?
2
Let x(k) = -30*k**2 + k**3 - 2 + 6*k + 55*k**2 - 31*k**2. Determine x(5).
3
Let v(n) = -n**2 + n + 1. Let b be (-3 - -3)/((-4)/(-4)). Calculate v(b).
1
Suppose s = 5*s + 5*z + 3, 2*s + 4*z + 6 = 0. Suppose -2*w - 2*h = h - 9, 5*w - 12 = s*h. Let y(n) = -n**2 + n + 1. Calculate y(w).
-5
Let h(g) = -4 - 2*g + 1 + 3*g**2 - 1 + 5. Let a be h(1). Suppose -s + 3 = -a*s. Let r(u) = -u**2 - 4*u. What is r(s)?
3
Let a(q) be the first derivative of -q**6/36 + q**5/120 - q**4/24 + 2*q**3/3 - 2. Let u(b) be the third derivative of a(b). Let r = -6 + 7. Give u(r).
-10
Let x be 1 + 0 + -1 + 4. Let p = 4 - x. Let v(o) = o**3 + 3. Give v(p).
3
Let a(o) be the second derivative of o**3/2 - 2*o. Let t(r) = -5*r + 1. Let j(c) = 7*a(c) + 4*t(c). Calculate j(0).
4
Suppose -16 - 4 = -4*a. Let g(k) = -k**3 + 4*k**2 + 6*k + 2. Calculate g(a).
7
Let x be 68/16 - 3/(-4). Let j be 10/(-6) - x/15. Let y(r) = -r - 2. Give y(j).
0
Suppose 2*f = 5*c + 10, 4*c - c + 4*f + 32 = 0. Let l(v) = 2*v**3 + 4*v + 4. Let h(g) = g**3 + g**2 + 1. Let x(s) = -3*h(s) + l(s). Give x(c).
1
Let p(z) = 0*z**2 + z**2 + 2*z**2 - 2*z**2. Determine p(0).
0
Suppose 0*n - 4*n - 12 = 0. Let o be 1/n*(12 - 9). Let h(g) = -9*g + 1. Give h(o).
10
Let i(j) = -2*j**3 + j**2 + 4*j - 3. Let g be 4*(30/(-8))/(-3). Suppose 0*m + g*m = 10. Calculate i(m).
-7
Let z(r) = 5*r**3 - 7*r**2 + 7*r - 19. Let s(v) = -3*v**3 + 4*v**2 - 4*v + 10. Let y(p) = -7*s(p) - 4*z(p). What is y(0)?
6
Let v(g) = -3 + 6*g + g + 4. Suppose -2*z = 2*z - t + 5, -4*z - 4*t = 0. Determine v(z).
-6
Let r(h) = -3*h**3 - 17*h**2 + h - 1. Let k(l) = -2*l**3 - 9*l**2 - 1. Let w(g) = 5*k(g) - 3*r(g). Determine w(5).
8
Let a(o) be the first derivative of -o**4/4 - 2*o**3/3 - o**2/2 + o - 10. Determine a(-2).
3
Let q(x) = -3*x**3 + x**2 + 2*x + 1. Let z be q(-1). Let b(l) = -2*l**2 - z*l**3 + 2*l**3 + l - l**2. What is b(-3)?
-3
Let x(s) be the second derivative of -s**4/12 + s**3 + 3*s**2/2 + 2*s. Let k(j) = 3*j**2 - 21*j + 6. Let t be k(7). Give x(t).
3
Let j(d) = -2 - 3 + 1 - 6*d + 4*d**2 + 4*d + d**3. Give j(-3).
11
Let z(t) be the third derivative of -t**5/60 - t**4/8 + t**3/6 - t**2. Let q = -4 + 13. Let f be (-3)/(q/(-4))*-3. What is z(f)?
-3
Let r = 9 + -8. Let o = 5 + -3. Let c(v) = 5*v**o - 5*v**2 + 7*v**3 - v. What is c(r)?
6
Let h = 3 - 2. Let d(m) = 2*m**2 + 5*m - 5. Let s(w) = -4*w**2 - 11*w + 11. Let o(a) = 13*d(a) + 6*s(a). What is o(h)?
2
Suppose 13*u + 25 + 1 = 0. Let o(l